0?
9
What is the thousands digit of 41345543?
5
What is the tens digit of 944609?
0
What is the tens digit of 10200235?
3
What is the hundreds digit of 10383952?
9
What is the tens digit of 240897?
9
What is the hundred thousands digit of 232873?
2
What is the tens digit of 965994?
9
What is the hundred thousands digit of 777219?
7
What is the hundreds digit of 274153?
1
What is the hundreds digit of 7254595?
5
What is the millions digit of 10761464?
0
What is the thousands digit of 857437?
7
What is the thousands digit of 826888?
6
What is the millions digit of 2963781?
2
What is the thousands digit of 1235090?
5
What is the hundred thousands digit of 3762368?
7
What is the units digit of 37425065?
5
What is the thousands digit of 13226426?
6
What is the thousands digit of 147999?
7
What is the millions digit of 1924628?
1
What is the tens digit of 279119?
1
What is the ten thousands digit of 7971049?
7
What is the hundred thousands digit of 1734248?
7
What is the ten thousands digit of 1267267?
6
What is the ten millions digit of 10049522?
1
What is the thousands digit of 3682268?
2
What is the ten thousands digit of 153297?
5
What is the ten thousands digit of 1732604?
3
What is the hundreds digit of 62956?
9
What is the hundred thousands digit of 480301?
4
What is the ten thousands digit of 811795?
1
What is the thousands digit of 26965?
6
What is the tens digit of 483458?
5
What is the hundred thousands digit of 3136021?
1
What is the ten thousands digit of 34008981?
0
What is the hundreds digit of 20579851?
8
What is the tens digit of 618168?
6
What is the tens digit of 42052?
5
What is the hundreds digit of 305632?
6
What is the units digit of 1429397?
7
What is the ten thousands digit of 11135408?
3
What is the hundreds digit of 3487625?
6
What is the ten thousands digit of 846366?
4
What is the hundreds digit of 2543869?
8
What is the tens digit of 78570?
7
What is the units digit of 285348?
8
What is the tens digit of 1395860?
6
What is the tens digit of 248353?
5
What is the ten thousands digit of 302879?
0
What is the hundred thousands digit of 296957?
2
What is the units digit of 116991?
1
What is the tens digit of 10807389?
8
What is the hundreds digit of 363347?
3
What is the thousands digit of 36775197?
5
What is the tens digit of 10351087?
8
What is the hundreds digit of 267853?
8
What is the hundreds digit of 2557219?
2
What is the tens digit of 8589968?
6
What is the units digit of 149264?
4
What is the ten thousands digit of 280572?
8
What is the hundreds digit of 280575?
5
What is the units digit of 7103425?
5
What is the hundreds digit of 115065?
0
What is the ten thousands digit of 496087?
9
What is the ten thousands digit of 94404?
9
What is the ten thousands digit of 2686153?
8
What is the hundreds digit of 839886?
8
What is the millions digit of 2378243?
2
What is the thousands digit of 3823209?
3
What is the thousands digit of 403660?
3
What is the tens digit of 2148944?
4
What is the hundred thousands digit of 6822635?
8
What is the ten thousands digit of 4391355?
9
What is the hundreds digit of 402861?
8
What is the units digit of 153453?
3
What is the hundreds digit of 910531?
5
What is the hundred thousands digit of 957051?
9
What is the hundred thousands digit of 21632033?
6
What is the thousands digit of 170344?
0
What is the ten thousands digit of 179664?
7
What is the units digit of 2058102?
2
What is the millions digit of 2797597?
2
What is the hundreds digit of 249156?
1
What is the hundred thousands digit of 742237?
7
What is the thousands digit of 1662101?
2
What is the hundreds digit of 1255253?
2
What is the hundreds digit of 120068?
0
What is the hundreds digit of 8492187?
1
What is the units digit of 5332864?
4
What is the thousands digit of 2296484?
6
What is the millions digit of 7649664?
7
What is the hundreds digit of 176492?
4
What is the tens digit of 1360579?
7
What is the hundred thousands digit of 1013867?
0
What is the tens digit of 697215?
1
What is the ten thousands digit of 784379?
8
What is the ten thousands digit of 1017538?
1
What is the hundreds digit of 16042443?
4
What is the ten thousands digit of 178012?
7
What is the thousands digit of 296127?
6
What is the ten thousands digit of 12173151?
7
What is the units digit of 334305?
5
What is the units digit of 1903280?
0
What is the tens digit of 23761091?
9
What is the millions digit of 4025505?
4
What is the millions digit of 15319029?
5
What is the hundred thousands digit of 40992015?
9
What is the tens digit of 537567?
6
What is the tens digit of 239317?
1
What is the hundreds digit of 534817?
8
What is the ten thousands digit of 1105172?
0
What is the tens digit of 10333504?
0
What is the hundreds digit of 2487070?
0
What is the hundred thousands digit of 956982?
9
What is the tens digit of 762999?
9
What is the units digit of 5661626?
6
What is the thousands digit of 23277408?
7
What is the units digit of 833061?
1
What is the thousands digit of 20349157?
9
What is the tens digit of 46686?
8
What is the units digit of 205261?
1
What is the hundreds digit of 395856?
8
What is the thousands digit of 6163259?
3
What is the hundreds digit of 176515?
5
What is the ten thousands digit of 12953997?
5
What is the ten thousands digit of 3096788?
9
What is the millions digit of 1145863?
1
What is the hundreds digit of 332253?
2
What is the hundreds digit of 81394?
3
What is the thousands digit of 1076258?
6
What is the hundred thousands digit of 3562611?
5
What is the units digit of 619192?
2
What is the units digit of 1230422?
2
What is the tens digit of 1832164?
6
What is the units digit of 356457?
7
What is the hundreds digit of 2548647?
6
What is the units digit of 2085995?
5
What is the hundred thousands digit of 2652378?
6
What is the ten thousands digit of 7185830?
8
What is the units digit of 638778?
8
What is the thousands digit of 421603?
1
What is the thousands digit of 3931167?
1
What is the hundreds digit of 764607?
6
What is the units digit of 378575?
5
What is the hundreds digit of 105119?
1
What is the ten thousands digit of 346199?
4
What is the tens digit of 2198648?
4
What is the hundreds digit of 5379782?
7
What is the thousands digit of 115415?
5
What is the tens digit of 97179?
7
What is the hundreds digit of 1258034?
0
What is the ten millions digit of 11148625?
1
What is the tens digit of 18178065?
6
What is the millions digit of 7669130?
7
What is the ten thousands digit of 128935?
2
What is the ten thousands digit of 339926?
3
What is the millions digit of 7952397?
7
What is the hundred thousands digit of 1276508?
2
What is the tens digit of 369300?
0
What is the units digit of 2916529?
9
What is the thousands digit of 5144884?
4
What is the units digit of 1802416?
6
What is the units digit of 5504397?
7
What is the ten thousands digit of 825144?
2
What is the ten thousands digit of 259295?
5
What is the thousands digit of 2031274?
1
What is the thousands digit of 109137?
9
What is the hundreds digit of 457089?
0
What is the units digit of 30876?
6
What is the thousands digit of 1007155?
7
What is the units digit of 2157637?
7
What is the tens digit of 53095?
9
What is the hundreds digit of 8736173?
1
What is the units digit of 180475?
5
What is the units digit of 65285?
5
What is the units digit of 2239477?
7
What is the millions digit of 1020693?
1
What is the ten thousands digit of 5515011?
1
What is the units digit of 21938354?
4
What is the tens digit of 1128871?
7
What is the hundreds digit of 26693?
6
What is the ten thousands digit of 33964871?
6
What is the tens digit of 2701071?
7
What is the millions digit of 2141516?
2
What is the units digit of 15245156?
6
What is the hundreds digit of 2177139?
1
What is the millions digit of 2136664?
2
What is the tens digit of 3666493?
9
What is the thousands digit of 2263165?
3
What is the hundred thousands digit of 7395552?
3
What is the units digit of 3342429?
9
What is the tens digit of 1920008?
0
What is the tens digit of 1100760?
6
What is the ten thousands digit of 402576?
0
What is the units digit of 13309414?
4
What is the thousands digit of 843012?
3
What is the hundreds digit of 256325?
3
What is the units digit of 1408034?
4
What is the units digit 